-2*a(v) - 3*r(v). What is the remainder when 129 is divided by h(12)?
15
Let d = 17864 + -17810. Calculate the remainder when d is divided by 33.
21
Let f = 1817 + -1777. Suppose -3*r + 5*x + 15 = 0, 1 = r + 4*x - 4. Suppose -45 - 10 = -r*y. Calculate the remainder when f is divided by y.
7
Suppose -2*d + 34 = -4*c, 2*d - 3*c - 31 - 5 = 0. Let f = -384 - -677. What is the remainder when f is divided by d?
20
Let x = 12 - 6. Let n = 727 + -251. Suppose -4*w - 24*w = -n. Calculate the remainder when w is divided by x.
5
Let o(b) = 5*b - 13 + 11*b - 3*b + 0*b. Suppose 58 = 5*u - 42. What is the remainder when o(7) is divided by u?
18
Let o(r) = 8*r**2 - 16*r + 7. Let m be o(2). Calculate the remainder when 4 + 27 + m + -1 is divided by (-2)/4*(-4 + -18).
4
Suppose 2*r = 2*a + 75 - 747, 5*a = r + 1656. What is the remainder when a is divided by 175?
155
Let w(f) = 3*f - 15. Let h = 2 + 3. Calculate the remainder when w(10) is divided by h.
0
Suppose -4*m - 9 = -0*u + 5*u, 3*u = 5*m + 39. What is the remainder when m + (-225)/(-5) + 0 is divided by 9?
3
Let w(v) = -v**2 + 24*v - 90. Let r be w(18). Suppose -3*k - r*k + 13188 = 0. Calculate the remainder when k is divided by 42.
40
Let j = 3039 + -1747. What is the remainder when j is divided by 321?
8
Let w be (-3)/(-3) - (-4 + 14). Suppose 0 = -13*v + 8*v - 4*t + 81, 49 = 3*v + 2*t. Calculate the remainder when ((-686)/6)/(-1) - 6/w is divided by v.
13
Let f(u) = 11*u + 78. Let p be f(6). Let r = -131 + p. Calculate the remainder when 50 is divided by r.
11
Let s be 6/4 + (-2115)/(-10). Suppose -4*w = -w - s. Let y = -74 + 92. Calculate the remainder when w is divided by y.
17
Let a = -908 + 997. Suppose -a*k + 66*k = -6532. What is the remainder when k is divided by 74?
62
Let k(h) = 88*h + 1919. Calculate the remainder when 432 is divided by k(-17).
9
Let w(v) = v**2 + v + 2. Let d(l) = -2*l**2 + 7*l + 15. Let k(o) = -d(o) - w(o). What is the remainder when 77 is divided by k(-3)?
13
Let x = -126 - -129. Let s be 77*(1 + x/3)/(-2). Let u = -43 - s. Calculate the remainder when 133 is divided by u.
31
Let a = -28 - -34. Suppose a*x = -x. Suppose 16 = 2*h - 2*g - x*g, -28 = -4*h + 2*g. What is the remainder when 33 is divided by h?
3
Suppose 0 = -65*d + 4595 - 695. Calculate the remainder when 598 is divided by d.
58
Let u(l) = -7*l**3. Let f(p) be the third derivative of 5*p**4/24 + 29*p**3/6 + 26*p**2. Let m be f(-6). Calculate the remainder when u(m) is divided by 3.
1
Suppose -7*k = -10*k - 12. Suppose 10 + 66 = 2*y. Let g = y - k. What is the remainder when g is divided by 9?
6
What is the remainder when ((-378)/(-4))/((-33)/(-44)) is divided by 13?
9
Let z = -13983 - -14106. What is the remainder when 1749 is divided by z?
27
Suppose 3*a + 241*g - 203 = 243*g, 0 = 4*a - 3*g - 269. What is the remainder when 176 is divided by a?
34
Let o = 1 + 1. Suppose 49 = o*q - 37. Let t = -5122 - -5144. Calculate the remainder when q is divided by t.
21
Let h = 416 - 367. What is the remainder when 427 is divided by h?
35
Suppose n + 116 = -n + 3*w, 8 = -2*w. Let p = n + 128. What is the remainder when p is divided by 26?
12
Let y = -684 - -1076. Let t = y - 296. What is the remainder when t is divided by 38?
20
Let i(f) = -f**3 - 33*f**2 + 31*f + 73. Calculate the remainder when i(-34) is divided by 59.
57
Let q = -686 + 694. Suppose -q*s + 11*s + 120 = 3*j, 4*j - 150 = 2*s. Calculate the remainder when 270 is divided by j.
25
Let l(z) = -z**2 + z + 1. Let g(m) = 484*m**3 + 4*m**2 - 5*m - 6. Let p(d) = g(d) + 6*l(d). What is the remainder when p(1) is divided by 44?
43
Suppose 306 = 3*j - 2*l, 66 = -5*l + 36. Calculate the remainder when 1858 is divided by j.
94
Suppose -19*z = 3*z - 4*z - 28386. Calculate the remainder when z is divided by 65.
17
Let m = 902 - 775. Suppose 0 = -13*b + 159 + m. What is the remainder when 193 is divided by b?
17
Let a(p) = -p**3 + 55*p**2 - 108*p + 502. Calculate the remainder when a(52) is divided by 39.
34
Calculate the remainder when (11/((-539)/42)*126)/(36/(-264)) is divided by 200.
192
Suppose -114166 = -246*n - 82504 + 129960. Calculate the remainder when n is divided by 229.
199
Let q(d) be the second derivative of d**4/12 - 10*d**3/3 + 20*d**2 - 904*d. Suppose -4*y = -0*y - 76. What is the remainder when 62 is divided by q(y)?
20
Let r(x) = x**3 - 9*x**2 - 2*x + 5. Suppose -31*g = -36*g + 40. Suppose -h = -2*l + 14 + g, 3*h + 6 = 0. Calculate the remainder when r(l) is divided by 22.
19
Let h(i) = i**3 + 23*i**2 - 11*i - 690. What is the remainder when h(-14) is divided by 60?
28
Let r(l) = -l**2 + l. Let c(q) = -5*q**2 + 3*q + 8. Let j(a) = c(a) - 6*r(a). Let n = 10 - -19. What is the remainder when n is divided by j(3)?
5
Let z = -7989 + 8049. Suppose 0*c - 4*f = -2*c + 30, 5*c - 39 = -2*f. Calculate the remainder when z is divided by c.
6
Let d(v) = v**2 + 222*v + 6243. What is the remainder when 1960 is divided by d(-32)?
4
Suppose 0*o + 496 = 8*o. What is the remainder when 961/o*2*1 is divided by 4?
3
Let n = -2 - -49. Let p = 0 + n. What is the remainder when 186 is divided by p?
45
Let o = 6 - -2. Let s(i) = i**3 - 7*i**2 - 8*i + 3. Let y be s(o). Suppose y*q = 88 - 25. Calculate the remainder when 82 is divided by q.
19
Let j = 1204 + -440. Suppose 5*s - 94 = -2*a, -83 + 55 = -4*a. What is the remainder when j is divided by s?
12
Let w(g) = 7*g + 6. Let v be w(10). Suppose -250 = 71*x - v*x. What is the remainder when x is divided by 9?
5
Calculate the remainder when 283 is divided by ((-65)/26)/(75/(-3840)).
27
Suppose -2*n + 307 + 59 = 0. Calculate the remainder when n is divided by 21.
15
Let z = 46 + -14. Let t = -5 + 39. Suppose 14*l - 12*l - t = 0. Calculate the remainder when z is divided by l.
15
Suppose -15 = -4*q - 7. Let x(l) = -6*l**q + 12 - l**3 + 6*l - 4 - 9*l. What is the remainder when 49 is divided by x(-6)?
23
Let n(r) = -3*r**3 + 13*r**2 + 73*r - 309. Suppose 32 = -3*z + 5*z. Calculate the remainder when z is divided by n(5).
4
Suppose 0 = -5*d - 5, -3*d + 115 - 19 = f. What is the remainder when 165 is divided by f?
66
Let z = 11203 - 11179. Calculate the remainder when 333 is divided by z.
21
Calculate the remainder when 225 is divided by (7 + -1 + -4)/(((-3)/49)/(-3)).
29
Let t(h) = -h**2 + h. Let q(g) = -3*g**2 + 8*g + 8. Let w(a) = -q(a) - 2*t(a). What is the remainder when w(-3) is divided by 34?
33
Let c = -400 + 607. Calculate the remainder when c is divided by 15/1 - (-4 + -5 + 5).
17
Let z be (-3)/(((-7)/84)/((-3)/2)). Let k = 115 + z. Calculate the remainder when k is divided by 16.
13
Let x = -93 + 103. Suppose 0 = t + t - 4. Suppose s - 48 = -t*s. Calculate the remainder when s is divided by x.
6
Suppose 15*z + 9*z = -2448. Let o = z + 200. Let a = 91 - 65. Calculate the remainder when o is divided by a.
20
Suppose 11*s = -83*s + 3760. Calculate the remainder when 42 is divided by s.
2
Suppose 0 = -u + 3*q + 23 + 15, -3*q - 166 = -5*u. Suppose -97 + u = -5*k. Let m = 45 - k. What is the remainder when m is divided by 17?
15
Let m = 19211 + -18185. What is the remainder when m is divided by 111?
27
Let h(r) = r**3 + 16*r**2 + 8*r - 30. Suppose -752 = -5*x + 21*x. Let s = x - -32. Calculate the remainder when h(s) is divided by 26.
23
Let t = -1215 + 1139. Let j(a) = -144*a**2 + 1. Let c be j(-1). Let i = t - c. Calculate the remainder when i is divided by 17.
16
Let g(y) = -8*y - 23. Let r be g(-24). Suppose -4*a - 13 = -r. What is the remainder when a is divided by 13?
0
Let u = 9 + -4. Let n(o) = -53*o**2 + 5*o - 9. Let t(r) = 44*r**2 - 5*r + 8. Let a(z) = -5*n(z) - 6*t(z). What is the remainder when a(u) is divided by 12?
11
Let d(g) = -3*g**2 + 5*g**2 + 15 - g**2 + 823*g - 815*g. Calculate the remainder when 59 is divided by d(-8).
14
Suppose -10 = -2*m + n + 4*n, -2*n - 26 = -3*m. Suppose 3*p - 89 = -0*y - 5*y, 0 = -5*y - p + 83. Calculate the remainder when y is divided by m.
6
Let k(y) = -14*y + 71. Let h = 591 - 587. Calculate the remainder when 207 is divided by k(h).
12
Suppose 3*x + 2676 - 2955 = 0. What is the remainder when 215 is divided by x?
29
Suppose -3*b = o + 5 + 1, 3*o - 30 = 3*b. Suppose 0 = u + o - 42. Let q = -19 + u. Calculate the remainder when 30 is divided by q.
13
Let z(s) = 1 - 6*s - 3 - 